{"id":106,"date":"2014-11-11T02:10:25","date_gmt":"2014-11-11T05:10:25","guid":{"rendered":"http:\/\/www.institutofrater.com.br\/site\/?page_id=106"},"modified":"2016-03-20T20:47:09","modified_gmt":"2016-03-21T01:47:09","slug":"coordenacao-pedagogica","status":"publish","type":"page","link":"https:\/\/www.iedq.com.br\/site\/coordenacao-pedagogica\/","title":{"rendered":"Coordena\u00e7\u00e3o Pedag\u00f3gica"},"content":{"rendered":"<p style=\"text-align: justify;\">O\u00a0coordenador pedag\u00f3gico\u00a0 \u00e9\u00a0fundamental no ambiente escolar, pois ele promove a integra\u00e7\u00e3o dos envolvidos no\u00a0processo ensino-aprendizagem, estabelecendo rela\u00e7\u00f5es interpessoais de forma saud\u00e1vel. Ele tem um papel essencial na valoriza\u00e7\u00e3o da forma\u00e7\u00e3o do professor, pois desenvolve certas habilidades capazes de lidar com as diferen\u00e7as, tendo como objetivo ajudar efetivamente na constru\u00e7\u00e3o de uma educa\u00e7\u00e3o de qualidade.<\/p>\n<p style=\"text-align: justify;\">A coordena\u00e7\u00e3o pedag\u00f3gica trabalha em parceria com a Dire\u00e7\u00e3o, contribuindo para uma administra\u00e7\u00e3o eficiente; al\u00e9m de orientar a equipe docente na elabora\u00e7\u00e3o, planejamento e execu\u00e7\u00e3o de estrat\u00e9gias pedag\u00f3gicas, bem como articular a capacita\u00e7\u00e3o atrav\u00e9s da forma\u00e7\u00e3o continuada e tamb\u00e9m promover a integra\u00e7\u00e3o entre escola e fam\u00edlia a fim de viabilizar o desenvolvimento do educando, dentre diversas outras responsabilidades.<\/p>\n<p style=\"text-align: justify;\">O coordenador tem, al\u00e9m, das fun\u00e7\u00f5es pedag\u00f3gicas, a tarefa de resolver os conflitos no espa\u00e7o escolar, como os de ordem burocr\u00e1tica, disciplinar e organizacional. Ele deve dispor de m\u00e9todos e a\u00e7\u00f5es que colaboram para o fortalecimento das rela\u00e7\u00f5es entre a comunidade\u00a0e a escola. Para atender essas atribui\u00e7\u00f5es o Instituto de Ensino Dom Quixote conta com uma coordenadora eficiente e especializada com o objetivo de suprir as demandas espec\u00edficas da Escola, a Coordenadora Annejose Sousa Lima Verde Carvalho<\/p>\n","protected":false},"excerpt":{"rendered":"<p>O\u00a0coordenador pedag\u00f3gico\u00a0 \u00e9\u00a0fundamental no ambiente escolar, pois ele promove a integra\u00e7\u00e3o dos envolvidos no\u00a0processo ensino-aprendizagem, estabelecendo rela\u00e7\u00f5es interpessoais de forma saud\u00e1vel. Ele tem um papel essencial na valoriza\u00e7\u00e3o da forma\u00e7\u00e3o do professor, pois desenvolve certas habilidades capazes de lidar com as diferen\u00e7as, tendo como objetivo ajudar efetivamente na constru\u00e7\u00e3o de uma educa\u00e7\u00e3o de qualidade. A [&hellip;]<\/p>\n","protected":false},"author":1,"featured_media":0,"parent":0,"menu_order":0,"comment_status":"open","ping_status":"open","template":"","meta":[],"yoast_head":"<!-- This site is optimized with the Yoast SEO plugin v18.2 - https:\/\/yoast.com\/wordpress\/plugins\/seo\/ -->\n<title>Coordena\u00e7\u00e3o Pedag\u00f3gica - Instituto de Ensino Dom Quixote - Valen\u00e7a do Piau\u00ed - Piau\u00ed<\/title>\n<meta name=\"robots\" content=\"index, follow, max-snippet:-1, max-image-preview:large, max-video-preview:-1\" \/>\n<link rel=\"canonical\" href=\"https:\/\/www.iedq.com.br\/site\/coordenacao-pedagogica\/\" \/>\n<meta property=\"og:locale\" content=\"pt_BR\" \/>\n<meta property=\"og:type\" content=\"article\" \/>\n<meta property=\"og:title\" content=\"Coordena\u00e7\u00e3o Pedag\u00f3gica - Instituto de Ensino Dom Quixote - Valen\u00e7a do Piau\u00ed - Piau\u00ed\" \/>\n<meta property=\"og:description\" content=\"O\u00a0coordenador pedag\u00f3gico\u00a0 \u00e9\u00a0fundamental no ambiente escolar, pois ele promove a integra\u00e7\u00e3o dos envolvidos no\u00a0processo ensino-aprendizagem, estabelecendo rela\u00e7\u00f5es interpessoais de forma saud\u00e1vel. Ele tem um papel essencial na valoriza\u00e7\u00e3o da forma\u00e7\u00e3o do professor, pois desenvolve certas habilidades capazes de lidar com as diferen\u00e7as, tendo como objetivo ajudar efetivamente na constru\u00e7\u00e3o de uma educa\u00e7\u00e3o de qualidade. A [&hellip;]\" \/>\n<meta property=\"og:url\" content=\"https:\/\/www.iedq.com.br\/site\/coordenacao-pedagogica\/\" \/>\n<meta property=\"og:site_name\" content=\"Instituto de Ensino Dom Quixote - Valen\u00e7a do Piau\u00ed - Piau\u00ed\" \/>\n<meta property=\"article:modified_time\" content=\"2016-03-21T01:47:09+00:00\" \/>\n<meta name=\"twitter:card\" content=\"summary_large_image\" \/>\n<meta name=\"twitter:label1\" content=\"Est. tempo de leitura\" \/>\n\t<meta name=\"twitter:data1\" content=\"1 minuto\" \/>\n<script type=\"application\/ld+json\" class=\"yoast-schema-graph\">{\"@context\":\"https:\/\/schema.org\",\"@graph\":[{\"@type\":\"Organization\",\"@id\":\"https:\/\/www.iedq.com.br\/site\/#organization\",\"name\":\"Instituto de Ensino Dom Quixote\",\"url\":\"https:\/\/www.iedq.com.br\/site\/\",\"sameAs\":[],\"logo\":{\"@type\":\"ImageObject\",\"@id\":\"https:\/\/www.iedq.com.br\/site\/#logo\",\"inLanguage\":\"pt-BR\",\"url\":\"https:\/\/www.iedq.com.br\/site\/wp-content\/uploads\/2015\/06\/logomarca_site.png\",\"contentUrl\":\"https:\/\/www.iedq.com.br\/site\/wp-content\/uploads\/2015\/06\/logomarca_site.png\",\"width\":228,\"height\":98,\"caption\":\"Instituto de Ensino Dom Quixote\"},\"image\":{\"@id\":\"https:\/\/www.iedq.com.br\/site\/#logo\"}},{\"@type\":\"WebSite\",\"@id\":\"https:\/\/www.iedq.com.br\/site\/#website\",\"url\":\"https:\/\/www.iedq.com.br\/site\/\",\"name\":\"Instituto de Ensino Dom Quixote - Valen\u00e7a do Piau\u00ed - Piau\u00ed\",\"description\":\"Escola privada de Valen\u00e7a do Piau\u00ed-PI\",\"publisher\":{\"@id\":\"https:\/\/www.iedq.com.br\/site\/#organization\"},\"potentialAction\":[{\"@type\":\"SearchAction\",\"target\":{\"@type\":\"EntryPoint\",\"urlTemplate\":\"https:\/\/www.iedq.com.br\/site\/?s={search_term_string}\"},\"query-input\":\"required name=search_term_string\"}],\"inLanguage\":\"pt-BR\"},{\"@type\":\"WebPage\",\"@id\":\"https:\/\/www.iedq.com.br\/site\/coordenacao-pedagogica\/#webpage\",\"url\":\"https:\/\/www.iedq.com.br\/site\/coordenacao-pedagogica\/\",\"name\":\"Coordena\u00e7\u00e3o Pedag\u00f3gica - Instituto de Ensino Dom Quixote - Valen\u00e7a do Piau\u00ed - Piau\u00ed\",\"isPartOf\":{\"@id\":\"https:\/\/www.iedq.com.br\/site\/#website\"},\"datePublished\":\"2014-11-11T05:10:25+00:00\",\"dateModified\":\"2016-03-21T01:47:09+00:00\",\"breadcrumb\":{\"@id\":\"https:\/\/www.iedq.com.br\/site\/coordenacao-pedagogica\/#breadcrumb\"},\"inLanguage\":\"pt-BR\",\"potentialAction\":[{\"@type\":\"ReadAction\",\"target\":[\"https:\/\/www.iedq.com.br\/site\/coordenacao-pedagogica\/\"]}]},{\"@type\":\"BreadcrumbList\",\"@id\":\"https:\/\/www.iedq.com.br\/site\/coordenacao-pedagogica\/#breadcrumb\",\"itemListElement\":[{\"@type\":\"ListItem\",\"position\":1,\"name\":\"In\u00edcio\",\"item\":\"https:\/\/www.iedq.com.br\/site\/\"},{\"@type\":\"ListItem\",\"position\":2,\"name\":\"Coordena\u00e7\u00e3o Pedag\u00f3gica\"}]}]}<\/script>\n<!-- \/ Yoast SEO plugin. -->","yoast_head_json":{"title":"Coordena\u00e7\u00e3o Pedag\u00f3gica - Instituto de Ensino Dom Quixote - Valen\u00e7a do Piau\u00ed - Piau\u00ed","robots":{"index":"index","follow":"follow","max-snippet":"max-snippet:-1","max-image-preview":"max-image-preview:large","max-video-preview":"max-video-preview:-1"},"canonical":"https:\/\/www.iedq.com.br\/site\/coordenacao-pedagogica\/","og_locale":"pt_BR","og_type":"article","og_title":"Coordena\u00e7\u00e3o Pedag\u00f3gica - Instituto de Ensino Dom Quixote - Valen\u00e7a do Piau\u00ed - Piau\u00ed","og_description":"O\u00a0coordenador pedag\u00f3gico\u00a0 \u00e9\u00a0fundamental no ambiente escolar, pois ele promove a integra\u00e7\u00e3o dos envolvidos no\u00a0processo ensino-aprendizagem, estabelecendo rela\u00e7\u00f5es interpessoais de forma saud\u00e1vel. Ele tem um papel essencial na valoriza\u00e7\u00e3o da forma\u00e7\u00e3o do professor, pois desenvolve certas habilidades capazes de lidar com as diferen\u00e7as, tendo como objetivo ajudar efetivamente na constru\u00e7\u00e3o de uma educa\u00e7\u00e3o de qualidade. A [&hellip;]","og_url":"https:\/\/www.iedq.com.br\/site\/coordenacao-pedagogica\/","og_site_name":"Instituto de Ensino Dom Quixote - Valen\u00e7a do Piau\u00ed - Piau\u00ed","article_modified_time":"2016-03-21T01:47:09+00:00","twitter_card":"summary_large_image","twitter_misc":{"Est. tempo de leitura":"1 minuto"},"schema":{"@context":"https:\/\/schema.org","@graph":[{"@type":"Organization","@id":"https:\/\/www.iedq.com.br\/site\/#organization","name":"Instituto de Ensino Dom Quixote","url":"https:\/\/www.iedq.com.br\/site\/","sameAs":[],"logo":{"@type":"ImageObject","@id":"https:\/\/www.iedq.com.br\/site\/#logo","inLanguage":"pt-BR","url":"https:\/\/www.iedq.com.br\/site\/wp-content\/uploads\/2015\/06\/logomarca_site.png","contentUrl":"https:\/\/www.iedq.com.br\/site\/wp-content\/uploads\/2015\/06\/logomarca_site.png","width":228,"height":98,"caption":"Instituto de Ensino Dom Quixote"},"image":{"@id":"https:\/\/www.iedq.com.br\/site\/#logo"}},{"@type":"WebSite","@id":"https:\/\/www.iedq.com.br\/site\/#website","url":"https:\/\/www.iedq.com.br\/site\/","name":"Instituto de Ensino Dom Quixote - Valen\u00e7a do Piau\u00ed - Piau\u00ed","description":"Escola privada de Valen\u00e7a do Piau\u00ed-PI","publisher":{"@id":"https:\/\/www.iedq.com.br\/site\/#organization"},"potentialAction":[{"@type":"SearchAction","target":{"@type":"EntryPoint","urlTemplate":"https:\/\/www.iedq.com.br\/site\/?s={search_term_string}"},"query-input":"required name=search_term_string"}],"inLanguage":"pt-BR"},{"@type":"WebPage","@id":"https:\/\/www.iedq.com.br\/site\/coordenacao-pedagogica\/#webpage","url":"https:\/\/www.iedq.com.br\/site\/coordenacao-pedagogica\/","name":"Coordena\u00e7\u00e3o Pedag\u00f3gica - Instituto de Ensino Dom Quixote - Valen\u00e7a do Piau\u00ed - Piau\u00ed","isPartOf":{"@id":"https:\/\/www.iedq.com.br\/site\/#website"},"datePublished":"2014-11-11T05:10:25+00:00","dateModified":"2016-03-21T01:47:09+00:00","breadcrumb":{"@id":"https:\/\/www.iedq.com.br\/site\/coordenacao-pedagogica\/#breadcrumb"},"inLanguage":"pt-BR","potentialAction":[{"@type":"ReadAction","target":["https:\/\/www.iedq.com.br\/site\/coordenacao-pedagogica\/"]}]},{"@type":"BreadcrumbList","@id":"https:\/\/www.iedq.com.br\/site\/coordenacao-pedagogica\/#breadcrumb","itemListElement":[{"@type":"ListItem","position":1,"name":"In\u00edcio","item":"https:\/\/www.iedq.com.br\/site\/"},{"@type":"ListItem","position":2,"name":"Coordena\u00e7\u00e3o Pedag\u00f3gica"}]}]}},"_links":{"self":[{"href":"https:\/\/www.iedq.com.br\/site\/wp-json\/wp\/v2\/pages\/106"}],"collection":[{"href":"https:\/\/www.iedq.com.br\/site\/wp-json\/wp\/v2\/pages"}],"about":[{"href":"https:\/\/www.iedq.com.br\/site\/wp-json\/wp\/v2\/types\/page"}],"author":[{"embeddable":true,"href":"https:\/\/www.iedq.com.br\/site\/wp-json\/wp\/v2\/users\/1"}],"replies":[{"embeddable":true,"href":"https:\/\/www.iedq.com.br\/site\/wp-json\/wp\/v2\/comments?post=106"}],"version-history":[{"count":10,"href":"https:\/\/www.iedq.com.br\/site\/wp-json\/wp\/v2\/pages\/106\/revisions"}],"predecessor-version":[{"id":1997,"href":"https:\/\/www.iedq.com.br\/site\/wp-json\/wp\/v2\/pages\/106\/revisions\/1997"}],"wp:attachment":[{"href":"https:\/\/www.iedq.com.br\/site\/wp-json\/wp\/v2\/media?parent=106"}],"curies":[{"name":"wp","href":"https:\/\/api.w.org\/{rel}","templated":true}]}}