{"id":24,"date":"2014-11-10T21:14:48","date_gmt":"2014-11-11T00:14:48","guid":{"rendered":"http:\/\/www.institutofrater.com.br\/site\/?page_id=24"},"modified":"2016-03-24T18:00:43","modified_gmt":"2016-03-24T23:00:43","slug":"nossa-historia","status":"publish","type":"page","link":"https:\/\/www.iedq.com.br\/site\/nossa-historia\/","title":{"rendered":"Nossa Hist\u00f3ria"},"content":{"rendered":"<p style=\"text-align: justify;\">O Instituto de Ensino Dom Quixote nasceu de um \u201cProjeto Sonho\u201d arrojado e audacioso de Ana Belisa Souza Lima Verde e Etevalda Oliveira, atrav\u00e9s de seus antecessores o GURI e EDUCA, estas educadoras valencianas t\u00eam uma grande parcela de contribui\u00e7\u00e3o na educa\u00e7\u00e3o desta regi\u00e3o, respons\u00e1veis pela forma\u00e7\u00e3o em todos os segmentos profissionais da maioria das crian\u00e7as e jovens de nossa regi\u00e3o, oferecendo uma base escolar consistente.<\/p>\n<p style=\"text-align: justify;\">Depois de muito planejamento e reuni\u00f5es, o IEDQ foi fundado em 2007, onde o grande sonho come\u00e7ou a se realizar. O ano de 2008 foi o primeiro ano letivo, onde cada educando \u00e9 qualificado e bem orientado com sentimento de confian\u00e7a em sua capacidade cognitiva, afetiva e de inser\u00e7\u00e3o social, para agir com perseveran\u00e7a no exerc\u00edcio da cidadania, onde cada aluno \u00e9 levado a viajar no mundo do conhecimento.<\/p>\n<p style=\"text-align: justify;\">Comprometido com a boa educa\u00e7\u00e3o e em transmitir aos seus alunos conte\u00fados de qualidade, pautados na forma\u00e7\u00e3o crist\u00e3 e cidad\u00e3, o IEDQ a cada ano vem crescendo, tanto na parte f\u00edsica como nos resultados conquistados por nossos professores e alunos.<\/p>\n<p style=\"text-align: justify;\">Trabalhando com perseveran\u00e7a, dedica\u00e7\u00e3o e empenho, aliado a um projeto pedag\u00f3gico moderno e atualizado, o IEDQ hoje alcan\u00e7ou o <em>status<\/em> de escola de maior credibilidade da regi\u00e3o valenciana trazendo para o seu aluno o que h\u00e1 de mais novo em cada conte\u00fado trabalhado em sala de aula.<\/p>\n<p style=\"text-align: justify;\">\u00a0\u00a0\u00a0\u00a0\u00a0\u00a0\u00a0 Seja parte desta grande Fam\u00edlia Escolar!<\/p>\n<p>&nbsp;<\/p>\n<p>&nbsp;<\/p>\n<p>&nbsp;<\/p>\n<p>&nbsp;<\/p>\n","protected":false},"excerpt":{"rendered":"<p>O Instituto de Ensino Dom Quixote nasceu de um \u201cProjeto Sonho\u201d arrojado e audacioso de Ana Belisa Souza Lima Verde e Etevalda Oliveira, atrav\u00e9s de seus antecessores o GURI e EDUCA, estas educadoras valencianas t\u00eam uma grande parcela de contribui\u00e7\u00e3o na educa\u00e7\u00e3o desta regi\u00e3o, respons\u00e1veis pela forma\u00e7\u00e3o em todos os segmentos profissionais da maioria das [&hellip;]<\/p>\n","protected":false},"author":1,"featured_media":0,"parent":0,"menu_order":0,"comment_status":"open","ping_status":"open","template":"","meta":[],"yoast_head":"<!-- This site is optimized with the Yoast SEO plugin v18.2 - https:\/\/yoast.com\/wordpress\/plugins\/seo\/ -->\n<title>Nossa Hist\u00f3ria - Instituto de Ensino Dom Quixote - Valen\u00e7a do Piau\u00ed - Piau\u00ed<\/title>\n<meta name=\"robots\" content=\"index, follow, max-snippet:-1, max-image-preview:large, max-video-preview:-1\" \/>\n<link rel=\"canonical\" href=\"https:\/\/www.iedq.com.br\/site\/nossa-historia\/\" \/>\n<meta property=\"og:locale\" content=\"pt_BR\" \/>\n<meta property=\"og:type\" content=\"article\" \/>\n<meta property=\"og:title\" content=\"Nossa Hist\u00f3ria - Instituto de Ensino Dom Quixote - Valen\u00e7a do Piau\u00ed - Piau\u00ed\" \/>\n<meta property=\"og:description\" content=\"O Instituto de Ensino Dom Quixote nasceu de um \u201cProjeto Sonho\u201d arrojado e audacioso de Ana Belisa Souza Lima Verde e Etevalda Oliveira, atrav\u00e9s de seus antecessores o GURI e EDUCA, estas educadoras valencianas t\u00eam uma grande parcela de contribui\u00e7\u00e3o na educa\u00e7\u00e3o desta regi\u00e3o, respons\u00e1veis pela forma\u00e7\u00e3o em todos os segmentos profissionais da maioria das [&hellip;]\" \/>\n<meta property=\"og:url\" content=\"https:\/\/www.iedq.com.br\/site\/nossa-historia\/\" \/>\n<meta property=\"og:site_name\" content=\"Instituto de Ensino Dom Quixote - Valen\u00e7a do Piau\u00ed - Piau\u00ed\" \/>\n<meta property=\"article:modified_time\" content=\"2016-03-24T23:00:43+00:00\" \/>\n<meta name=\"twitter:card\" content=\"summary_large_image\" \/>\n<meta name=\"twitter:label1\" content=\"Est. tempo de leitura\" \/>\n\t<meta name=\"twitter:data1\" content=\"1 minuto\" \/>\n<script type=\"application\/ld+json\" class=\"yoast-schema-graph\">{\"@context\":\"https:\/\/schema.org\",\"@graph\":[{\"@type\":\"Organization\",\"@id\":\"https:\/\/www.iedq.com.br\/site\/#organization\",\"name\":\"Instituto de Ensino Dom Quixote\",\"url\":\"https:\/\/www.iedq.com.br\/site\/\",\"sameAs\":[],\"logo\":{\"@type\":\"ImageObject\",\"@id\":\"https:\/\/www.iedq.com.br\/site\/#logo\",\"inLanguage\":\"pt-BR\",\"url\":\"https:\/\/www.iedq.com.br\/site\/wp-content\/uploads\/2015\/06\/logomarca_site.png\",\"contentUrl\":\"https:\/\/www.iedq.com.br\/site\/wp-content\/uploads\/2015\/06\/logomarca_site.png\",\"width\":228,\"height\":98,\"caption\":\"Instituto de Ensino Dom Quixote\"},\"image\":{\"@id\":\"https:\/\/www.iedq.com.br\/site\/#logo\"}},{\"@type\":\"WebSite\",\"@id\":\"https:\/\/www.iedq.com.br\/site\/#website\",\"url\":\"https:\/\/www.iedq.com.br\/site\/\",\"name\":\"Instituto de Ensino Dom Quixote - Valen\u00e7a do Piau\u00ed - Piau\u00ed\",\"description\":\"Escola privada de Valen\u00e7a do Piau\u00ed-PI\",\"publisher\":{\"@id\":\"https:\/\/www.iedq.com.br\/site\/#organization\"},\"potentialAction\":[{\"@type\":\"SearchAction\",\"target\":{\"@type\":\"EntryPoint\",\"urlTemplate\":\"https:\/\/www.iedq.com.br\/site\/?s={search_term_string}\"},\"query-input\":\"required name=search_term_string\"}],\"inLanguage\":\"pt-BR\"},{\"@type\":\"WebPage\",\"@id\":\"https:\/\/www.iedq.com.br\/site\/nossa-historia\/#webpage\",\"url\":\"https:\/\/www.iedq.com.br\/site\/nossa-historia\/\",\"name\":\"Nossa Hist\u00f3ria - Instituto de Ensino Dom Quixote - Valen\u00e7a do Piau\u00ed - Piau\u00ed\",\"isPartOf\":{\"@id\":\"https:\/\/www.iedq.com.br\/site\/#website\"},\"datePublished\":\"2014-11-11T00:14:48+00:00\",\"dateModified\":\"2016-03-24T23:00:43+00:00\",\"breadcrumb\":{\"@id\":\"https:\/\/www.iedq.com.br\/site\/nossa-historia\/#breadcrumb\"},\"inLanguage\":\"pt-BR\",\"potentialAction\":[{\"@type\":\"ReadAction\",\"target\":[\"https:\/\/www.iedq.com.br\/site\/nossa-historia\/\"]}]},{\"@type\":\"BreadcrumbList\",\"@id\":\"https:\/\/www.iedq.com.br\/site\/nossa-historia\/#breadcrumb\",\"itemListElement\":[{\"@type\":\"ListItem\",\"position\":1,\"name\":\"In\u00edcio\",\"item\":\"https:\/\/www.iedq.com.br\/site\/\"},{\"@type\":\"ListItem\",\"position\":2,\"name\":\"Nossa Hist\u00f3ria\"}]}]}<\/script>\n<!-- \/ Yoast SEO plugin. -->","yoast_head_json":{"title":"Nossa Hist\u00f3ria - Instituto de Ensino Dom Quixote - Valen\u00e7a do Piau\u00ed - Piau\u00ed","robots":{"index":"index","follow":"follow","max-snippet":"max-snippet:-1","max-image-preview":"max-image-preview:large","max-video-preview":"max-video-preview:-1"},"canonical":"https:\/\/www.iedq.com.br\/site\/nossa-historia\/","og_locale":"pt_BR","og_type":"article","og_title":"Nossa Hist\u00f3ria - Instituto de Ensino Dom Quixote - Valen\u00e7a do Piau\u00ed - Piau\u00ed","og_description":"O Instituto de Ensino Dom Quixote nasceu de um \u201cProjeto Sonho\u201d arrojado e audacioso de Ana Belisa Souza Lima Verde e Etevalda Oliveira, atrav\u00e9s de seus antecessores o GURI e EDUCA, estas educadoras valencianas t\u00eam uma grande parcela de contribui\u00e7\u00e3o na educa\u00e7\u00e3o desta regi\u00e3o, respons\u00e1veis pela forma\u00e7\u00e3o em todos os segmentos profissionais da maioria das [&hellip;]","og_url":"https:\/\/www.iedq.com.br\/site\/nossa-historia\/","og_site_name":"Instituto de Ensino Dom Quixote - Valen\u00e7a do Piau\u00ed - Piau\u00ed","article_modified_time":"2016-03-24T23:00:43+00:00","twitter_card":"summary_large_image","twitter_misc":{"Est. tempo de leitura":"1 minuto"},"schema":{"@context":"https:\/\/schema.org","@graph":[{"@type":"Organization","@id":"https:\/\/www.iedq.com.br\/site\/#organization","name":"Instituto de Ensino Dom Quixote","url":"https:\/\/www.iedq.com.br\/site\/","sameAs":[],"logo":{"@type":"ImageObject","@id":"https:\/\/www.iedq.com.br\/site\/#logo","inLanguage":"pt-BR","url":"https:\/\/www.iedq.com.br\/site\/wp-content\/uploads\/2015\/06\/logomarca_site.png","contentUrl":"https:\/\/www.iedq.com.br\/site\/wp-content\/uploads\/2015\/06\/logomarca_site.png","width":228,"height":98,"caption":"Instituto de Ensino Dom Quixote"},"image":{"@id":"https:\/\/www.iedq.com.br\/site\/#logo"}},{"@type":"WebSite","@id":"https:\/\/www.iedq.com.br\/site\/#website","url":"https:\/\/www.iedq.com.br\/site\/","name":"Instituto de Ensino Dom Quixote - Valen\u00e7a do Piau\u00ed - Piau\u00ed","description":"Escola privada de Valen\u00e7a do Piau\u00ed-PI","publisher":{"@id":"https:\/\/www.iedq.com.br\/site\/#organization"},"potentialAction":[{"@type":"SearchAction","target":{"@type":"EntryPoint","urlTemplate":"https:\/\/www.iedq.com.br\/site\/?s={search_term_string}"},"query-input":"required name=search_term_string"}],"inLanguage":"pt-BR"},{"@type":"WebPage","@id":"https:\/\/www.iedq.com.br\/site\/nossa-historia\/#webpage","url":"https:\/\/www.iedq.com.br\/site\/nossa-historia\/","name":"Nossa Hist\u00f3ria - Instituto de Ensino Dom Quixote - Valen\u00e7a do Piau\u00ed - Piau\u00ed","isPartOf":{"@id":"https:\/\/www.iedq.com.br\/site\/#website"},"datePublished":"2014-11-11T00:14:48+00:00","dateModified":"2016-03-24T23:00:43+00:00","breadcrumb":{"@id":"https:\/\/www.iedq.com.br\/site\/nossa-historia\/#breadcrumb"},"inLanguage":"pt-BR","potentialAction":[{"@type":"ReadAction","target":["https:\/\/www.iedq.com.br\/site\/nossa-historia\/"]}]},{"@type":"BreadcrumbList","@id":"https:\/\/www.iedq.com.br\/site\/nossa-historia\/#breadcrumb","itemListElement":[{"@type":"ListItem","position":1,"name":"In\u00edcio","item":"https:\/\/www.iedq.com.br\/site\/"},{"@type":"ListItem","position":2,"name":"Nossa Hist\u00f3ria"}]}]}},"_links":{"self":[{"href":"https:\/\/www.iedq.com.br\/site\/wp-json\/wp\/v2\/pages\/24"}],"collection":[{"href":"https:\/\/www.iedq.com.br\/site\/wp-json\/wp\/v2\/pages"}],"about":[{"href":"https:\/\/www.iedq.com.br\/site\/wp-json\/wp\/v2\/types\/page"}],"author":[{"embeddable":true,"href":"https:\/\/www.iedq.com.br\/site\/wp-json\/wp\/v2\/users\/1"}],"replies":[{"embeddable":true,"href":"https:\/\/www.iedq.com.br\/site\/wp-json\/wp\/v2\/comments?post=24"}],"version-history":[{"count":26,"href":"https:\/\/www.iedq.com.br\/site\/wp-json\/wp\/v2\/pages\/24\/revisions"}],"predecessor-version":[{"id":2113,"href":"https:\/\/www.iedq.com.br\/site\/wp-json\/wp\/v2\/pages\/24\/revisions\/2113"}],"wp:attachment":[{"href":"https:\/\/www.iedq.com.br\/site\/wp-json\/wp\/v2\/media?parent=24"}],"curies":[{"name":"wp","href":"https:\/\/api.w.org\/{rel}","templated":true}]}}