{"id":32,"date":"2014-11-10T21:17:51","date_gmt":"2014-11-11T00:17:51","guid":{"rendered":"http:\/\/www.institutofrater.com.br\/site\/?page_id=32"},"modified":"2018-01-24T11:24:21","modified_gmt":"2018-01-24T16:24:21","slug":"fardamento-escolar","status":"publish","type":"page","link":"https:\/\/www.iedq.com.br\/site\/fardamento-escolar\/","title":{"rendered":"Fardamento Escolar"},"content":{"rendered":"<p><strong>Maternal ao 1\u00b0 ano:<\/strong><\/p>\n<p>O Fardamento ser\u00e1 composto de:<\/p>\n<ul>\n<li>Blusa padronizada da escola<\/li>\n<li>Short \u00a0de malha na cor vinho<\/li>\n<li>T\u00eanis preto e meia branca ou sand\u00e1lia preta.<\/li>\n<\/ul>\n<p>Caso queira fazer uso de casaquinho, o mesmo dever\u00e1 ser padronizado da escola.<\/p>\n<p><strong>Veja o modelo:<\/strong><\/p>\n<p><a href=\"http:\/\/www.iedq.com.br\/site\/wp-content\/uploads\/2014\/11\/edyta.jpg\"><img loading=\"lazy\" class=\"alignleft size-medium wp-image-5243\" src=\"http:\/\/www.iedq.com.br\/site\/wp-content\/uploads\/2014\/11\/edyta-183x300.jpg\" alt=\"edyta\" width=\"183\" height=\"300\" srcset=\"https:\/\/www.iedq.com.br\/site\/wp-content\/uploads\/2014\/11\/edyta-183x300.jpg 183w, https:\/\/www.iedq.com.br\/site\/wp-content\/uploads\/2014\/11\/edyta-250x410.jpg 250w, https:\/\/www.iedq.com.br\/site\/wp-content\/uploads\/2014\/11\/edyta.jpg 366w\" sizes=\"(max-width: 183px) 100vw, 183px\" \/><\/a><\/p>\n<p>&nbsp;<\/p>\n<p>&nbsp;<\/p>\n<p>&nbsp;<\/p>\n<p>&nbsp;<\/p>\n<p>&nbsp;<\/p>\n<p>&nbsp;<\/p>\n<p>&nbsp;<\/p>\n<p>&nbsp;<\/p>\n<p>&nbsp;<\/p>\n<p>&nbsp;<\/p>\n<p>&nbsp;<\/p>\n<p>&nbsp;<\/p>\n<p>&nbsp;<\/p>\n<p>&nbsp;<\/p>\n<p>&nbsp;<\/p>\n<p>&nbsp;<\/p>\n<p>&nbsp;<\/p>\n<p>&nbsp;<\/p>\n<p><strong>2\u00b0 ao 4\u00b0 ano:<\/strong><\/p>\n<p>O Fardamento ser\u00e1 composto de:<\/p>\n<ul>\n<li>Blusa padronizada da escola<\/li>\n<li>Short de tecido na cor vinho<\/li>\n<li>T\u00eanis preto e meia branca.<\/li>\n<\/ul>\n<p>Caso queira fazer uso de casaco, o mesmo dever\u00e1 ser padronizado da escola.<\/p>\n<p><strong>Veja o modelo:<\/strong><\/p>\n<p><a href=\"http:\/\/www.iedq.com.br\/site\/wp-content\/uploads\/2014\/11\/editado-w.jpg\"><img loading=\"lazy\" class=\"alignleft size-medium wp-image-5244\" src=\"http:\/\/www.iedq.com.br\/site\/wp-content\/uploads\/2014\/11\/editado-w-174x300.jpg\" alt=\"editado-w\" width=\"174\" height=\"300\" srcset=\"https:\/\/www.iedq.com.br\/site\/wp-content\/uploads\/2014\/11\/editado-w-174x300.jpg 174w, https:\/\/www.iedq.com.br\/site\/wp-content\/uploads\/2014\/11\/editado-w-250x431.jpg 250w, https:\/\/www.iedq.com.br\/site\/wp-content\/uploads\/2014\/11\/editado-w.jpg 348w\" sizes=\"(max-width: 174px) 100vw, 174px\" \/><\/a><\/p>\n<p>&nbsp;<\/p>\n<p>&nbsp;<\/p>\n<p>&nbsp;<\/p>\n<p>&nbsp;<\/p>\n<p>&nbsp;<\/p>\n<p>&nbsp;<\/p>\n<p>&nbsp;<\/p>\n<p>&nbsp;<\/p>\n<p>&nbsp;<\/p>\n<p>&nbsp;<\/p>\n<p>&nbsp;<\/p>\n<p>&nbsp;<\/p>\n<p>&nbsp;<\/p>\n<p><strong>5\u00b0 ao 9\u00b0ano:<\/strong><\/p>\n<p>O Fardamento ser\u00e1 composto de:<\/p>\n<ul>\n<li>Blusa padronizada da escola<\/li>\n<li>Cal\u00e7a comprida\u00a0na cor vinho<\/li>\n<li>T\u00eanis preto e meia branca.<\/li>\n<\/ul>\n<p>Caso queira fazer uso de casaco, o mesmo dever\u00e1 ser padronizado da escola.<\/p>\n<p><strong>Veja o modelo:<\/strong><\/p>\n<p><a href=\"http:\/\/www.iedq.com.br\/site\/wp-content\/uploads\/2014\/11\/editado.jpg\"><img loading=\"lazy\" class=\"alignleft size-medium wp-image-5245\" src=\"http:\/\/www.iedq.com.br\/site\/wp-content\/uploads\/2014\/11\/editado-191x300.jpg\" alt=\"editado\" width=\"191\" height=\"300\" srcset=\"https:\/\/www.iedq.com.br\/site\/wp-content\/uploads\/2014\/11\/editado-191x300.jpg 191w, https:\/\/www.iedq.com.br\/site\/wp-content\/uploads\/2014\/11\/editado-250x393.jpg 250w, https:\/\/www.iedq.com.br\/site\/wp-content\/uploads\/2014\/11\/editado.jpg 382w\" sizes=\"(max-width: 191px) 100vw, 191px\" \/><\/a><\/p>\n<p>&nbsp;<\/p>\n<p>&nbsp;<\/p>\n<p>&nbsp;<\/p>\n<p>&nbsp;<\/p>\n<p>&nbsp;<\/p>\n<p>&nbsp;<\/p>\n<p>&nbsp;<\/p>\n<p>&nbsp;<\/p>\n<p>&nbsp;<\/p>\n<p>&nbsp;<\/p>\n<p>&nbsp;<\/p>\n<p>&nbsp;<\/p>\n<p>&nbsp;<\/p>\n<p>&nbsp;<\/p>\n<p><strong>Veja os modelos com os casaquinhos padronizados da escola:<\/strong><\/p>\n<p><a href=\"http:\/\/www.iedq.com.br\/site\/wp-content\/uploads\/2014\/11\/ceditad.jpg\"><img loading=\"lazy\" class=\"alignleft size-medium wp-image-5248\" src=\"http:\/\/www.iedq.com.br\/site\/wp-content\/uploads\/2014\/11\/ceditad-204x300.jpg\" alt=\"ceditad\" width=\"204\" height=\"300\" srcset=\"https:\/\/www.iedq.com.br\/site\/wp-content\/uploads\/2014\/11\/ceditad-204x300.jpg 204w, https:\/\/www.iedq.com.br\/site\/wp-content\/uploads\/2014\/11\/ceditad-250x369.jpg 250w, https:\/\/www.iedq.com.br\/site\/wp-content\/uploads\/2014\/11\/ceditad.jpg 407w\" sizes=\"(max-width: 204px) 100vw, 204px\" \/><\/a><\/p>\n<p>&nbsp;<\/p>\n<p>&nbsp;<\/p>\n<p>&nbsp;<\/p>\n<p>&nbsp;<\/p>\n<p>&nbsp;<\/p>\n<p>&nbsp;<\/p>\n<p>&nbsp;<\/p>\n<p>&nbsp;<\/p>\n<p>&nbsp;<\/p>\n<p>&nbsp;<\/p>\n<p>&nbsp;<\/p>\n<p>&nbsp;<\/p>\n<p>&nbsp;<\/p>\n<p>&nbsp;<\/p>\n<p><strong>Fardamento de Educa\u00e7\u00e3o F\u00edsica:<\/strong><\/p>\n<ul>\n<li>Blusa padronizada da escola<\/li>\n<li>Short na cor preto<\/li>\n<li>T\u00eanis preto e meia branca.<\/li>\n<\/ul>\n<p><strong>Veja os modelos:<\/strong><\/p>\n<p><a href=\"http:\/\/www.iedq.com.br\/site\/wp-content\/uploads\/2014\/11\/editasggg.jpg\"><img loading=\"lazy\" class=\"alignleft size-medium wp-image-5246\" src=\"http:\/\/www.iedq.com.br\/site\/wp-content\/uploads\/2014\/11\/editasggg-204x300.jpg\" alt=\"editasggg\" width=\"204\" height=\"300\" srcset=\"https:\/\/www.iedq.com.br\/site\/wp-content\/uploads\/2014\/11\/editasggg-204x300.jpg 204w, https:\/\/www.iedq.com.br\/site\/wp-content\/uploads\/2014\/11\/editasggg-250x369.jpg 250w, https:\/\/www.iedq.com.br\/site\/wp-content\/uploads\/2014\/11\/editasggg.jpg 407w\" sizes=\"(max-width: 204px) 100vw, 204px\" \/><\/a> <a href=\"http:\/\/www.iedq.com.br\/site\/wp-content\/uploads\/2014\/11\/editaseee.jpg\"><img loading=\"lazy\" class=\"alignleft size-medium wp-image-5247\" src=\"http:\/\/www.iedq.com.br\/site\/wp-content\/uploads\/2014\/11\/editaseee-193x300.jpg\" alt=\"editaseee\" width=\"193\" height=\"300\" srcset=\"https:\/\/www.iedq.com.br\/site\/wp-content\/uploads\/2014\/11\/editaseee-193x300.jpg 193w, https:\/\/www.iedq.com.br\/site\/wp-content\/uploads\/2014\/11\/editaseee-250x390.jpg 250w, https:\/\/www.iedq.com.br\/site\/wp-content\/uploads\/2014\/11\/editaseee.jpg 385w\" sizes=\"(max-width: 193px) 100vw, 193px\" \/><\/a><\/p>\n<p>&nbsp;<\/p>\n<p>&nbsp;<\/p>\n<p>&nbsp;<\/p>\n<p>&nbsp;<\/p>\n<p>&nbsp;<\/p>\n<p>&nbsp;<\/p>\n<p>&nbsp;<\/p>\n<p>&nbsp;<\/p>\n<p>&nbsp;<\/p>\n<p>&nbsp;<\/p>\n<p>&nbsp;<\/p>\n<p>&nbsp;<\/p>\n<p><strong>ATEN\u00c7\u00c3O<\/strong><\/p>\n<p><strong>1 &#8211; O aluno s\u00f3 assistir\u00e1 aula pedag\u00f3gica e de educa\u00e7\u00e3o f\u00edsica rigorosamente uniformizado;<\/strong><\/p>\n<p><strong>2 &#8211; O uniforme deve estar completo, limpo e passado, de acordo com os padr\u00f5es higi\u00eanicos;<\/strong><\/p>\n<p><strong>3 &#8211; O uniforme de educa\u00e7\u00e3o f\u00edsica s\u00f3 \u00e9 permitido nos dias estipulados para as atividades \u00e0 disciplina.<\/strong><\/p>\n<p><strong>A Escola sugere que o aluno tenha no m\u00ednimo 02 (dois) uniformes para evitar eventuais problemas quanto ao comparecimento \u00e0s aulas.<\/strong><\/p>\n","protected":false},"excerpt":{"rendered":"<p>Maternal ao 1\u00b0 ano: O Fardamento ser\u00e1 composto de: Blusa padronizada da escola Short \u00a0de malha na cor vinho T\u00eanis preto e meia branca ou sand\u00e1lia preta. Caso queira fazer uso de casaquinho, o mesmo dever\u00e1 ser padronizado da escola. Veja o modelo: &nbsp; &nbsp; &nbsp; &nbsp; &nbsp; &nbsp; &nbsp; &nbsp; &nbsp; &nbsp; &nbsp; &nbsp; [&hellip;]<\/p>\n","protected":false},"author":1,"featured_media":0,"parent":0,"menu_order":0,"comment_status":"open","ping_status":"open","template":"","meta":[],"yoast_head":"<!-- This site is optimized with the Yoast SEO plugin v18.2 - https:\/\/yoast.com\/wordpress\/plugins\/seo\/ -->\n<title>Fardamento Escolar - Instituto de Ensino Dom Quixote - Valen\u00e7a do Piau\u00ed - Piau\u00ed<\/title>\n<meta name=\"robots\" content=\"index, follow, max-snippet:-1, max-image-preview:large, max-video-preview:-1\" \/>\n<link rel=\"canonical\" href=\"https:\/\/www.iedq.com.br\/site\/fardamento-escolar\/\" \/>\n<meta property=\"og:locale\" content=\"pt_BR\" \/>\n<meta property=\"og:type\" content=\"article\" \/>\n<meta property=\"og:title\" content=\"Fardamento Escolar - Instituto de Ensino Dom Quixote - Valen\u00e7a do Piau\u00ed - Piau\u00ed\" \/>\n<meta property=\"og:description\" content=\"Maternal ao 1\u00b0 ano: O Fardamento ser\u00e1 composto de: Blusa padronizada da escola Short \u00a0de malha na cor vinho T\u00eanis preto e meia branca ou sand\u00e1lia preta. Caso queira fazer uso de casaquinho, o mesmo dever\u00e1 ser padronizado da escola. Veja o modelo: &nbsp; &nbsp; &nbsp; &nbsp; &nbsp; &nbsp; &nbsp; &nbsp; &nbsp; &nbsp; &nbsp; &nbsp; [&hellip;]\" \/>\n<meta property=\"og:url\" content=\"https:\/\/www.iedq.com.br\/site\/fardamento-escolar\/\" \/>\n<meta property=\"og:site_name\" content=\"Instituto de Ensino Dom Quixote - Valen\u00e7a do Piau\u00ed - Piau\u00ed\" \/>\n<meta property=\"article:modified_time\" content=\"2018-01-24T16:24:21+00:00\" \/>\n<meta property=\"og:image\" content=\"http:\/\/www.iedq.com.br\/site\/wp-content\/uploads\/2014\/11\/edyta-183x300.jpg\" \/>\n<meta name=\"twitter:card\" content=\"summary_large_image\" \/>\n<meta name=\"twitter:label1\" content=\"Est. tempo de leitura\" \/>\n\t<meta name=\"twitter:data1\" content=\"1 minuto\" \/>\n<script type=\"application\/ld+json\" class=\"yoast-schema-graph\">{\"@context\":\"https:\/\/schema.org\",\"@graph\":[{\"@type\":\"Organization\",\"@id\":\"https:\/\/www.iedq.com.br\/site\/#organization\",\"name\":\"Instituto de Ensino Dom Quixote\",\"url\":\"https:\/\/www.iedq.com.br\/site\/\",\"sameAs\":[],\"logo\":{\"@type\":\"ImageObject\",\"@id\":\"https:\/\/www.iedq.com.br\/site\/#logo\",\"inLanguage\":\"pt-BR\",\"url\":\"https:\/\/www.iedq.com.br\/site\/wp-content\/uploads\/2015\/06\/logomarca_site.png\",\"contentUrl\":\"https:\/\/www.iedq.com.br\/site\/wp-content\/uploads\/2015\/06\/logomarca_site.png\",\"width\":228,\"height\":98,\"caption\":\"Instituto de Ensino Dom Quixote\"},\"image\":{\"@id\":\"https:\/\/www.iedq.com.br\/site\/#logo\"}},{\"@type\":\"WebSite\",\"@id\":\"https:\/\/www.iedq.com.br\/site\/#website\",\"url\":\"https:\/\/www.iedq.com.br\/site\/\",\"name\":\"Instituto de Ensino Dom Quixote - Valen\u00e7a do Piau\u00ed - Piau\u00ed\",\"description\":\"Escola privada de Valen\u00e7a do Piau\u00ed-PI\",\"publisher\":{\"@id\":\"https:\/\/www.iedq.com.br\/site\/#organization\"},\"potentialAction\":[{\"@type\":\"SearchAction\",\"target\":{\"@type\":\"EntryPoint\",\"urlTemplate\":\"https:\/\/www.iedq.com.br\/site\/?s={search_term_string}\"},\"query-input\":\"required name=search_term_string\"}],\"inLanguage\":\"pt-BR\"},{\"@type\":\"ImageObject\",\"@id\":\"https:\/\/www.iedq.com.br\/site\/fardamento-escolar\/#primaryimage\",\"inLanguage\":\"pt-BR\",\"url\":\"http:\/\/www.iedq.com.br\/site\/wp-content\/uploads\/2014\/11\/edyta-183x300.jpg\",\"contentUrl\":\"http:\/\/www.iedq.com.br\/site\/wp-content\/uploads\/2014\/11\/edyta-183x300.jpg\"},{\"@type\":\"WebPage\",\"@id\":\"https:\/\/www.iedq.com.br\/site\/fardamento-escolar\/#webpage\",\"url\":\"https:\/\/www.iedq.com.br\/site\/fardamento-escolar\/\",\"name\":\"Fardamento Escolar - Instituto de Ensino Dom Quixote - Valen\u00e7a do Piau\u00ed - Piau\u00ed\",\"isPartOf\":{\"@id\":\"https:\/\/www.iedq.com.br\/site\/#website\"},\"primaryImageOfPage\":{\"@id\":\"https:\/\/www.iedq.com.br\/site\/fardamento-escolar\/#primaryimage\"},\"datePublished\":\"2014-11-11T00:17:51+00:00\",\"dateModified\":\"2018-01-24T16:24:21+00:00\",\"breadcrumb\":{\"@id\":\"https:\/\/www.iedq.com.br\/site\/fardamento-escolar\/#breadcrumb\"},\"inLanguage\":\"pt-BR\",\"potentialAction\":[{\"@type\":\"ReadAction\",\"target\":[\"https:\/\/www.iedq.com.br\/site\/fardamento-escolar\/\"]}]},{\"@type\":\"BreadcrumbList\",\"@id\":\"https:\/\/www.iedq.com.br\/site\/fardamento-escolar\/#breadcrumb\",\"itemListElement\":[{\"@type\":\"ListItem\",\"position\":1,\"name\":\"In\u00edcio\",\"item\":\"https:\/\/www.iedq.com.br\/site\/\"},{\"@type\":\"ListItem\",\"position\":2,\"name\":\"Fardamento Escolar\"}]}]}<\/script>\n<!-- \/ Yoast SEO plugin. -->","yoast_head_json":{"title":"Fardamento Escolar - Instituto de Ensino Dom Quixote - Valen\u00e7a do Piau\u00ed - Piau\u00ed","robots":{"index":"index","follow":"follow","max-snippet":"max-snippet:-1","max-image-preview":"max-image-preview:large","max-video-preview":"max-video-preview:-1"},"canonical":"https:\/\/www.iedq.com.br\/site\/fardamento-escolar\/","og_locale":"pt_BR","og_type":"article","og_title":"Fardamento Escolar - Instituto de Ensino Dom Quixote - Valen\u00e7a do Piau\u00ed - Piau\u00ed","og_description":"Maternal ao 1\u00b0 ano: O Fardamento ser\u00e1 composto de: Blusa padronizada da escola Short \u00a0de malha na cor vinho T\u00eanis preto e meia branca ou sand\u00e1lia preta. Caso queira fazer uso de casaquinho, o mesmo dever\u00e1 ser padronizado da escola. Veja o modelo: &nbsp; &nbsp; &nbsp; &nbsp; &nbsp; &nbsp; &nbsp; &nbsp; &nbsp; &nbsp; &nbsp; &nbsp; [&hellip;]","og_url":"https:\/\/www.iedq.com.br\/site\/fardamento-escolar\/","og_site_name":"Instituto de Ensino Dom Quixote - Valen\u00e7a do Piau\u00ed - Piau\u00ed","article_modified_time":"2018-01-24T16:24:21+00:00","og_image":[{"url":"http:\/\/www.iedq.com.br\/site\/wp-content\/uploads\/2014\/11\/edyta-183x300.jpg"}],"twitter_card":"summary_large_image","twitter_misc":{"Est. tempo de leitura":"1 minuto"},"schema":{"@context":"https:\/\/schema.org","@graph":[{"@type":"Organization","@id":"https:\/\/www.iedq.com.br\/site\/#organization","name":"Instituto de Ensino Dom Quixote","url":"https:\/\/www.iedq.com.br\/site\/","sameAs":[],"logo":{"@type":"ImageObject","@id":"https:\/\/www.iedq.com.br\/site\/#logo","inLanguage":"pt-BR","url":"https:\/\/www.iedq.com.br\/site\/wp-content\/uploads\/2015\/06\/logomarca_site.png","contentUrl":"https:\/\/www.iedq.com.br\/site\/wp-content\/uploads\/2015\/06\/logomarca_site.png","width":228,"height":98,"caption":"Instituto de Ensino Dom Quixote"},"image":{"@id":"https:\/\/www.iedq.com.br\/site\/#logo"}},{"@type":"WebSite","@id":"https:\/\/www.iedq.com.br\/site\/#website","url":"https:\/\/www.iedq.com.br\/site\/","name":"Instituto de Ensino Dom Quixote - Valen\u00e7a do Piau\u00ed - Piau\u00ed","description":"Escola privada de Valen\u00e7a do Piau\u00ed-PI","publisher":{"@id":"https:\/\/www.iedq.com.br\/site\/#organization"},"potentialAction":[{"@type":"SearchAction","target":{"@type":"EntryPoint","urlTemplate":"https:\/\/www.iedq.com.br\/site\/?s={search_term_string}"},"query-input":"required name=search_term_string"}],"inLanguage":"pt-BR"},{"@type":"ImageObject","@id":"https:\/\/www.iedq.com.br\/site\/fardamento-escolar\/#primaryimage","inLanguage":"pt-BR","url":"http:\/\/www.iedq.com.br\/site\/wp-content\/uploads\/2014\/11\/edyta-183x300.jpg","contentUrl":"http:\/\/www.iedq.com.br\/site\/wp-content\/uploads\/2014\/11\/edyta-183x300.jpg"},{"@type":"WebPage","@id":"https:\/\/www.iedq.com.br\/site\/fardamento-escolar\/#webpage","url":"https:\/\/www.iedq.com.br\/site\/fardamento-escolar\/","name":"Fardamento Escolar - Instituto de Ensino Dom Quixote - Valen\u00e7a do Piau\u00ed - Piau\u00ed","isPartOf":{"@id":"https:\/\/www.iedq.com.br\/site\/#website"},"primaryImageOfPage":{"@id":"https:\/\/www.iedq.com.br\/site\/fardamento-escolar\/#primaryimage"},"datePublished":"2014-11-11T00:17:51+00:00","dateModified":"2018-01-24T16:24:21+00:00","breadcrumb":{"@id":"https:\/\/www.iedq.com.br\/site\/fardamento-escolar\/#breadcrumb"},"inLanguage":"pt-BR","potentialAction":[{"@type":"ReadAction","target":["https:\/\/www.iedq.com.br\/site\/fardamento-escolar\/"]}]},{"@type":"BreadcrumbList","@id":"https:\/\/www.iedq.com.br\/site\/fardamento-escolar\/#breadcrumb","itemListElement":[{"@type":"ListItem","position":1,"name":"In\u00edcio","item":"https:\/\/www.iedq.com.br\/site\/"},{"@type":"ListItem","position":2,"name":"Fardamento Escolar"}]}]}},"_links":{"self":[{"href":"https:\/\/www.iedq.com.br\/site\/wp-json\/wp\/v2\/pages\/32"}],"collection":[{"href":"https:\/\/www.iedq.com.br\/site\/wp-json\/wp\/v2\/pages"}],"about":[{"href":"https:\/\/www.iedq.com.br\/site\/wp-json\/wp\/v2\/types\/page"}],"author":[{"embeddable":true,"href":"https:\/\/www.iedq.com.br\/site\/wp-json\/wp\/v2\/users\/1"}],"replies":[{"embeddable":true,"href":"https:\/\/www.iedq.com.br\/site\/wp-json\/wp\/v2\/comments?post=32"}],"version-history":[{"count":13,"href":"https:\/\/www.iedq.com.br\/site\/wp-json\/wp\/v2\/pages\/32\/revisions"}],"predecessor-version":[{"id":9953,"href":"https:\/\/www.iedq.com.br\/site\/wp-json\/wp\/v2\/pages\/32\/revisions\/9953"}],"wp:attachment":[{"href":"https:\/\/www.iedq.com.br\/site\/wp-json\/wp\/v2\/media?parent=32"}],"curies":[{"name":"wp","href":"https:\/\/api.w.org\/{rel}","templated":true}]}}