{"id":36,"date":"2014-11-10T21:18:46","date_gmt":"2014-11-11T00:18:46","guid":{"rendered":"http:\/\/www.institutofrater.com.br\/site\/?page_id=36"},"modified":"2020-04-16T13:31:55","modified_gmt":"2020-04-16T18:31:55","slug":"educacao-infantil","status":"publish","type":"page","link":"https:\/\/www.iedq.com.br\/site\/educacao-infantil\/","title":{"rendered":"Educa\u00e7\u00e3o Infantil &#8211; Maternal, Jardim I e II"},"content":{"rendered":"<p style=\"text-align: justify;\">O Instituto de Ensino Dom Quixote promove seus trabalhos pensando no desenvolvimento dos educandos desde a Educa\u00e7\u00e3o Infantil at\u00e9 o t\u00e9rmino do Ensino Fundamental.<\/p>\n<p style=\"text-align: justify;\">Entende-se que uma das principais metas da Educa\u00e7\u00e3o Infantil \u00e9 a de iniciar o processo de capacita\u00e7\u00e3o do indiv\u00edduo, para que este futuramente compreenda a si mesmo e aos outros e, portanto participe da vida em sociedade. Para tanto, o IEDQ conta com uma completa infraestrutura, profissionais capacitados e uma proposta pedag\u00f3gica que coloca sempre o desenvolvimento pleno do educando em primeiro lugar.<\/p>\n<p style=\"text-align: justify;\">O trabalho pedag\u00f3gico prioriza a organiza\u00e7\u00e3o do curr\u00edculo, selecionando conte\u00fados, materiais, atividades l\u00fadicas e os projetos escolares de que, no conjunto, construam-se valores para uma Educa\u00e7\u00e3o Infantil promissora. Nesse contexto, enfatiza-se a import\u00e2ncia da parceria com a fam\u00edlia, visto que esta \u00e9 o principal elo entre a escola e o \u00eaxito na educa\u00e7\u00e3o.<\/p>\n<p style=\"text-align: justify;\">EDUCA\u00c7\u00c3O INFANTIL &#8211;<\/p>\n<p>Abrange o Maternal, Jardim I \u2013 A, Jardim I \u2013 B e o Jardim II<\/p>\n<p>Crian\u00e7as a partir de 3 anos de idade<\/p>\n<p style=\"text-align: justify;\"><a href=\"https:\/\/www.iedq.com.br\/site\/wp-content\/uploads\/2014\/11\/timthumb.jpg\"><img loading=\"lazy\" class=\"alignleft size-medium wp-image-27137\" src=\"https:\/\/www.iedq.com.br\/site\/wp-content\/uploads\/2014\/11\/timthumb-300x199.jpg\" alt=\"timthumb\" width=\"300\" height=\"199\" srcset=\"https:\/\/www.iedq.com.br\/site\/wp-content\/uploads\/2014\/11\/timthumb-300x199.jpg 300w, https:\/\/www.iedq.com.br\/site\/wp-content\/uploads\/2014\/11\/timthumb-250x166.jpg 250w, https:\/\/www.iedq.com.br\/site\/wp-content\/uploads\/2014\/11\/timthumb.jpg 629w\" sizes=\"(max-width: 300px) 100vw, 300px\" \/><\/a><a href=\"http:\/\/www.iedq.com.br\/site\/wp-content\/uploads\/2014\/11\/APDC0335.jpg\" rel=\"attachment wp-att-2680\"><br \/>\n<\/a><\/p>\n","protected":false},"excerpt":{"rendered":"<p>O Instituto de Ensino Dom Quixote promove seus trabalhos pensando no desenvolvimento dos educandos desde a Educa\u00e7\u00e3o Infantil at\u00e9 o t\u00e9rmino do Ensino Fundamental. Entende-se que uma das principais metas da Educa\u00e7\u00e3o Infantil \u00e9 a de iniciar o processo de capacita\u00e7\u00e3o do indiv\u00edduo, para que este futuramente compreenda a si mesmo e aos outros e, [&hellip;]<\/p>\n","protected":false},"author":1,"featured_media":0,"parent":0,"menu_order":0,"comment_status":"open","ping_status":"open","template":"","meta":[],"yoast_head":"<!-- This site is optimized with the Yoast SEO plugin v18.2 - https:\/\/yoast.com\/wordpress\/plugins\/seo\/ -->\n<title>Educa\u00e7\u00e3o Infantil - Maternal, Jardim I e II - Instituto de Ensino Dom Quixote - Valen\u00e7a do Piau\u00ed - Piau\u00ed<\/title>\n<meta name=\"robots\" content=\"index, follow, max-snippet:-1, max-image-preview:large, max-video-preview:-1\" \/>\n<link rel=\"canonical\" href=\"https:\/\/www.iedq.com.br\/site\/educacao-infantil\/\" \/>\n<meta property=\"og:locale\" content=\"pt_BR\" \/>\n<meta property=\"og:type\" content=\"article\" \/>\n<meta property=\"og:title\" content=\"Educa\u00e7\u00e3o Infantil - Maternal, Jardim I e II - Instituto de Ensino Dom Quixote - Valen\u00e7a do Piau\u00ed - Piau\u00ed\" \/>\n<meta property=\"og:description\" content=\"O Instituto de Ensino Dom Quixote promove seus trabalhos pensando no desenvolvimento dos educandos desde a Educa\u00e7\u00e3o Infantil at\u00e9 o t\u00e9rmino do Ensino Fundamental. Entende-se que uma das principais metas da Educa\u00e7\u00e3o Infantil \u00e9 a de iniciar o processo de capacita\u00e7\u00e3o do indiv\u00edduo, para que este futuramente compreenda a si mesmo e aos outros e, [&hellip;]\" \/>\n<meta property=\"og:url\" content=\"https:\/\/www.iedq.com.br\/site\/educacao-infantil\/\" \/>\n<meta property=\"og:site_name\" content=\"Instituto de Ensino Dom Quixote - Valen\u00e7a do Piau\u00ed - Piau\u00ed\" \/>\n<meta property=\"article:modified_time\" content=\"2020-04-16T18:31:55+00:00\" \/>\n<meta property=\"og:image\" content=\"https:\/\/www.iedq.com.br\/site\/wp-content\/uploads\/2014\/11\/timthumb-300x199.jpg\" \/>\n<meta name=\"twitter:card\" content=\"summary_large_image\" \/>\n<meta name=\"twitter:label1\" content=\"Est. tempo de leitura\" \/>\n\t<meta name=\"twitter:data1\" content=\"1 minuto\" \/>\n<script type=\"application\/ld+json\" class=\"yoast-schema-graph\">{\"@context\":\"https:\/\/schema.org\",\"@graph\":[{\"@type\":\"Organization\",\"@id\":\"https:\/\/www.iedq.com.br\/site\/#organization\",\"name\":\"Instituto de Ensino Dom Quixote\",\"url\":\"https:\/\/www.iedq.com.br\/site\/\",\"sameAs\":[],\"logo\":{\"@type\":\"ImageObject\",\"@id\":\"https:\/\/www.iedq.com.br\/site\/#logo\",\"inLanguage\":\"pt-BR\",\"url\":\"https:\/\/www.iedq.com.br\/site\/wp-content\/uploads\/2015\/06\/logomarca_site.png\",\"contentUrl\":\"https:\/\/www.iedq.com.br\/site\/wp-content\/uploads\/2015\/06\/logomarca_site.png\",\"width\":228,\"height\":98,\"caption\":\"Instituto de Ensino Dom Quixote\"},\"image\":{\"@id\":\"https:\/\/www.iedq.com.br\/site\/#logo\"}},{\"@type\":\"WebSite\",\"@id\":\"https:\/\/www.iedq.com.br\/site\/#website\",\"url\":\"https:\/\/www.iedq.com.br\/site\/\",\"name\":\"Instituto de Ensino Dom Quixote - Valen\u00e7a do Piau\u00ed - Piau\u00ed\",\"description\":\"Escola privada de Valen\u00e7a do Piau\u00ed-PI\",\"publisher\":{\"@id\":\"https:\/\/www.iedq.com.br\/site\/#organization\"},\"potentialAction\":[{\"@type\":\"SearchAction\",\"target\":{\"@type\":\"EntryPoint\",\"urlTemplate\":\"https:\/\/www.iedq.com.br\/site\/?s={search_term_string}\"},\"query-input\":\"required name=search_term_string\"}],\"inLanguage\":\"pt-BR\"},{\"@type\":\"ImageObject\",\"@id\":\"https:\/\/www.iedq.com.br\/site\/educacao-infantil\/#primaryimage\",\"inLanguage\":\"pt-BR\",\"url\":\"https:\/\/www.iedq.com.br\/site\/wp-content\/uploads\/2014\/11\/timthumb.jpg\",\"contentUrl\":\"https:\/\/www.iedq.com.br\/site\/wp-content\/uploads\/2014\/11\/timthumb.jpg\",\"width\":629,\"height\":418},{\"@type\":\"WebPage\",\"@id\":\"https:\/\/www.iedq.com.br\/site\/educacao-infantil\/#webpage\",\"url\":\"https:\/\/www.iedq.com.br\/site\/educacao-infantil\/\",\"name\":\"Educa\u00e7\u00e3o Infantil - Maternal, Jardim I e II - Instituto de Ensino Dom Quixote - Valen\u00e7a do Piau\u00ed - Piau\u00ed\",\"isPartOf\":{\"@id\":\"https:\/\/www.iedq.com.br\/site\/#website\"},\"primaryImageOfPage\":{\"@id\":\"https:\/\/www.iedq.com.br\/site\/educacao-infantil\/#primaryimage\"},\"datePublished\":\"2014-11-11T00:18:46+00:00\",\"dateModified\":\"2020-04-16T18:31:55+00:00\",\"breadcrumb\":{\"@id\":\"https:\/\/www.iedq.com.br\/site\/educacao-infantil\/#breadcrumb\"},\"inLanguage\":\"pt-BR\",\"potentialAction\":[{\"@type\":\"ReadAction\",\"target\":[\"https:\/\/www.iedq.com.br\/site\/educacao-infantil\/\"]}]},{\"@type\":\"BreadcrumbList\",\"@id\":\"https:\/\/www.iedq.com.br\/site\/educacao-infantil\/#breadcrumb\",\"itemListElement\":[{\"@type\":\"ListItem\",\"position\":1,\"name\":\"In\u00edcio\",\"item\":\"https:\/\/www.iedq.com.br\/site\/\"},{\"@type\":\"ListItem\",\"position\":2,\"name\":\"Educa\u00e7\u00e3o Infantil &#8211; Maternal, Jardim I e II\"}]}]}<\/script>\n<!-- \/ Yoast SEO plugin. -->","yoast_head_json":{"title":"Educa\u00e7\u00e3o Infantil - Maternal, Jardim I e II - Instituto de Ensino Dom Quixote - Valen\u00e7a do Piau\u00ed - Piau\u00ed","robots":{"index":"index","follow":"follow","max-snippet":"max-snippet:-1","max-image-preview":"max-image-preview:large","max-video-preview":"max-video-preview:-1"},"canonical":"https:\/\/www.iedq.com.br\/site\/educacao-infantil\/","og_locale":"pt_BR","og_type":"article","og_title":"Educa\u00e7\u00e3o Infantil - Maternal, Jardim I e II - Instituto de Ensino Dom Quixote - Valen\u00e7a do Piau\u00ed - Piau\u00ed","og_description":"O Instituto de Ensino Dom Quixote promove seus trabalhos pensando no desenvolvimento dos educandos desde a Educa\u00e7\u00e3o Infantil at\u00e9 o t\u00e9rmino do Ensino Fundamental. Entende-se que uma das principais metas da Educa\u00e7\u00e3o Infantil \u00e9 a de iniciar o processo de capacita\u00e7\u00e3o do indiv\u00edduo, para que este futuramente compreenda a si mesmo e aos outros e, [&hellip;]","og_url":"https:\/\/www.iedq.com.br\/site\/educacao-infantil\/","og_site_name":"Instituto de Ensino Dom Quixote - Valen\u00e7a do Piau\u00ed - Piau\u00ed","article_modified_time":"2020-04-16T18:31:55+00:00","og_image":[{"url":"https:\/\/www.iedq.com.br\/site\/wp-content\/uploads\/2014\/11\/timthumb-300x199.jpg"}],"twitter_card":"summary_large_image","twitter_misc":{"Est. tempo de leitura":"1 minuto"},"schema":{"@context":"https:\/\/schema.org","@graph":[{"@type":"Organization","@id":"https:\/\/www.iedq.com.br\/site\/#organization","name":"Instituto de Ensino Dom Quixote","url":"https:\/\/www.iedq.com.br\/site\/","sameAs":[],"logo":{"@type":"ImageObject","@id":"https:\/\/www.iedq.com.br\/site\/#logo","inLanguage":"pt-BR","url":"https:\/\/www.iedq.com.br\/site\/wp-content\/uploads\/2015\/06\/logomarca_site.png","contentUrl":"https:\/\/www.iedq.com.br\/site\/wp-content\/uploads\/2015\/06\/logomarca_site.png","width":228,"height":98,"caption":"Instituto de Ensino Dom Quixote"},"image":{"@id":"https:\/\/www.iedq.com.br\/site\/#logo"}},{"@type":"WebSite","@id":"https:\/\/www.iedq.com.br\/site\/#website","url":"https:\/\/www.iedq.com.br\/site\/","name":"Instituto de Ensino Dom Quixote - Valen\u00e7a do Piau\u00ed - Piau\u00ed","description":"Escola privada de Valen\u00e7a do Piau\u00ed-PI","publisher":{"@id":"https:\/\/www.iedq.com.br\/site\/#organization"},"potentialAction":[{"@type":"SearchAction","target":{"@type":"EntryPoint","urlTemplate":"https:\/\/www.iedq.com.br\/site\/?s={search_term_string}"},"query-input":"required name=search_term_string"}],"inLanguage":"pt-BR"},{"@type":"ImageObject","@id":"https:\/\/www.iedq.com.br\/site\/educacao-infantil\/#primaryimage","inLanguage":"pt-BR","url":"https:\/\/www.iedq.com.br\/site\/wp-content\/uploads\/2014\/11\/timthumb.jpg","contentUrl":"https:\/\/www.iedq.com.br\/site\/wp-content\/uploads\/2014\/11\/timthumb.jpg","width":629,"height":418},{"@type":"WebPage","@id":"https:\/\/www.iedq.com.br\/site\/educacao-infantil\/#webpage","url":"https:\/\/www.iedq.com.br\/site\/educacao-infantil\/","name":"Educa\u00e7\u00e3o Infantil - Maternal, Jardim I e II - Instituto de Ensino Dom Quixote - Valen\u00e7a do Piau\u00ed - Piau\u00ed","isPartOf":{"@id":"https:\/\/www.iedq.com.br\/site\/#website"},"primaryImageOfPage":{"@id":"https:\/\/www.iedq.com.br\/site\/educacao-infantil\/#primaryimage"},"datePublished":"2014-11-11T00:18:46+00:00","dateModified":"2020-04-16T18:31:55+00:00","breadcrumb":{"@id":"https:\/\/www.iedq.com.br\/site\/educacao-infantil\/#breadcrumb"},"inLanguage":"pt-BR","potentialAction":[{"@type":"ReadAction","target":["https:\/\/www.iedq.com.br\/site\/educacao-infantil\/"]}]},{"@type":"BreadcrumbList","@id":"https:\/\/www.iedq.com.br\/site\/educacao-infantil\/#breadcrumb","itemListElement":[{"@type":"ListItem","position":1,"name":"In\u00edcio","item":"https:\/\/www.iedq.com.br\/site\/"},{"@type":"ListItem","position":2,"name":"Educa\u00e7\u00e3o Infantil &#8211; Maternal, Jardim I e II"}]}]}},"_links":{"self":[{"href":"https:\/\/www.iedq.com.br\/site\/wp-json\/wp\/v2\/pages\/36"}],"collection":[{"href":"https:\/\/www.iedq.com.br\/site\/wp-json\/wp\/v2\/pages"}],"about":[{"href":"https:\/\/www.iedq.com.br\/site\/wp-json\/wp\/v2\/types\/page"}],"author":[{"embeddable":true,"href":"https:\/\/www.iedq.com.br\/site\/wp-json\/wp\/v2\/users\/1"}],"replies":[{"embeddable":true,"href":"https:\/\/www.iedq.com.br\/site\/wp-json\/wp\/v2\/comments?post=36"}],"version-history":[{"count":18,"href":"https:\/\/www.iedq.com.br\/site\/wp-json\/wp\/v2\/pages\/36\/revisions"}],"predecessor-version":[{"id":27139,"href":"https:\/\/www.iedq.com.br\/site\/wp-json\/wp\/v2\/pages\/36\/revisions\/27139"}],"wp:attachment":[{"href":"https:\/\/www.iedq.com.br\/site\/wp-json\/wp\/v2\/media?parent=36"}],"curies":[{"name":"wp","href":"https:\/\/api.w.org\/{rel}","templated":true}]}}

Educação Infantil &#8211; Maternal, Jardim I e II

<p style="text-align: justify;">O Instituto de Ensino Dom Quixote promove seus trabalhos pensando no desenvolvimento dos educandos desde a Educação Infantil até o término do Ensino Fundamental.</p>
<p style="text-align: justify;">Entende-se que uma das principais metas da Educação Infantil é a de iniciar o processo de capacitação do indivíduo, para que este futuramente compreenda a si mesmo e aos outros e, portanto participe da vida em sociedade. Para tanto, o IEDQ conta com uma completa infraestrutura, profissionais capacitados e uma proposta pedagógica que coloca sempre o desenvolvimento pleno do educando em primeiro lugar.</p>
<p style="text-align: justify;">O trabalho pedagógico prioriza a organização do currículo, selecionando conteúdos, materiais, atividades lúdicas e os projetos escolares de que, no conjunto, construam-se valores para uma Educação Infantil promissora. Nesse contexto, enfatiza-se a importância da parceria com a família, visto que esta é o principal elo entre a escola e o êxito na educação.</p>
<p style="text-align: justify;">EDUCAÇÃO INFANTIL &#8211;</p>
<p>Abrange o Maternal, Jardim I – A, Jardim I – B e o Jardim II</p>
<p>Crianças a partir de 3 anos de idade</p>
<p style="text-align: justify;"><a href="https://www.iedq.com.br/site/wp-content/uploads/2014/11/timthumb.jpg"><img loading="lazy" class="alignleft size-medium wp-image-27137" src="https://www.iedq.com.br/site/wp-content/uploads/2014/11/timthumb-300x199.jpg" alt="timthumb" width="300" height="199" srcset="https://www.iedq.com.br/site/wp-content/uploads/2014/11/timthumb-300x199.jpg 300w, https://www.iedq.com.br/site/wp-content/uploads/2014/11/timthumb-250x166.jpg 250w, https://www.iedq.com.br/site/wp-content/uploads/2014/11/timthumb.jpg 629w" sizes="(max-width: 300px) 100vw, 300px" /></a><a href="http://www.iedq.com.br/site/wp-content/uploads/2014/11/APDC0335.jpg" rel="attachment wp-att-2680"><br />
</a></p>

<p>O Instituto de Ensino Dom Quixote promove seus trabalhos pensando no desenvolvimento dos educandos desde a Educação Infantil até o término do Ensino Fundamental. Entende-se que uma das principais metas da Educação Infantil é a de iniciar o processo de capacitação do indivíduo, para que este futuramente compreenda a si mesmo e aos outros e, [&hellip;]</p>

<!-- This site is optimized with the Yoast SEO plugin v18.2 - https://yoast.com/wordpress/plugins/seo/ -->
<title>Educação Infantil - Maternal, Jardim I e II - Instituto de Ensino Dom Quixote - Valença do Piauí - Piauí</title>
<meta name="robots" content="index, follow, max-snippet:-1, max-image-preview:large, max-video-preview:-1" />
<link rel="canonical" href="https://www.iedq.com.br/site/educacao-infantil/" />
<meta property="og:locale" content="pt_BR" />
<meta property="og:type" content="article" />
<meta property="og:title" content="Educação Infantil - Maternal, Jardim I e II - Instituto de Ensino Dom Quixote - Valença do Piauí - Piauí" />
<meta property="og:description" content="O Instituto de Ensino Dom Quixote promove seus trabalhos pensando no desenvolvimento dos educandos desde a Educação Infantil até o término do Ensino Fundamental. Entende-se que uma das principais metas da Educação Infantil é a de iniciar o processo de capacitação do indivíduo, para que este futuramente compreenda a si mesmo e aos outros e, [&hellip;]" />
<meta property="og:url" content="https://www.iedq.com.br/site/educacao-infantil/" />
<meta property="og:site_name" content="Instituto de Ensino Dom Quixote - Valença do Piauí - Piauí" />
<meta property="article:modified_time" content="2020-04-16T18:31:55+00:00" />
<meta property="og:image" content="https://www.iedq.com.br/site/wp-content/uploads/2014/11/timthumb-300x199.jpg" />
<meta name="twitter:card" content="summary_large_image" />
<meta name="twitter:label1" content="Est. tempo de leitura" />
	<meta name="twitter:data1" content="1 minuto" />
<script type="application/ld+json" class="yoast-schema-graph">{"@context":"https://schema.org","@graph":[{"@type":"Organization","@id":"https://www.iedq.com.br/site/#organization","name":"Instituto de Ensino Dom Quixote","url":"https://www.iedq.com.br/site/","sameAs":[],"logo":{"@type":"ImageObject","@id":"https://www.iedq.com.br/site/#logo","inLanguage":"pt-BR","url":"https://www.iedq.com.br/site/wp-content/uploads/2015/06/logomarca_site.png","contentUrl":"https://www.iedq.com.br/site/wp-content/uploads/2015/06/logomarca_site.png","width":228,"height":98,"caption":"Instituto de Ensino Dom Quixote"},"image":{"@id":"https://www.iedq.com.br/site/#logo"}},{"@type":"WebSite","@id":"https://www.iedq.com.br/site/#website","url":"https://www.iedq.com.br/site/","name":"Instituto de Ensino Dom Quixote - Valença do Piauí - Piauí","description":"Escola privada de Valença do Piauí-PI","publisher":{"@id":"https://www.iedq.com.br/site/#organization"},"potentialAction":[{"@type":"SearchAction","target":{"@type":"EntryPoint","urlTemplate":"https://www.iedq.com.br/site/?s={search_term_string}"},"query-input":"required name=search_term_string"}],"inLanguage":"pt-BR"},{"@type":"ImageObject","@id":"https://www.iedq.com.br/site/educacao-infantil/#primaryimage","inLanguage":"pt-BR","url":"https://www.iedq.com.br/site/wp-content/uploads/2014/11/timthumb.jpg","contentUrl":"https://www.iedq.com.br/site/wp-content/uploads/2014/11/timthumb.jpg","width":629,"height":418},{"@type":"WebPage","@id":"https://www.iedq.com.br/site/educacao-infantil/#webpage","url":"https://www.iedq.com.br/site/educacao-infantil/","name":"Educação Infantil - Maternal, Jardim I e II - Instituto de Ensino Dom Quixote - Valença do Piauí - Piauí","isPartOf":{"@id":"https://www.iedq.com.br/site/#website"},"primaryImageOfPage":{"@id":"https://www.iedq.com.br/site/educacao-infantil/#primaryimage"},"datePublished":"2014-11-11T00:18:46+00:00","dateModified":"2020-04-16T18:31:55+00:00","breadcrumb":{"@id":"https://www.iedq.com.br/site/educacao-infantil/#breadcrumb"},"inLanguage":"pt-BR","potentialAction":[{"@type":"ReadAction","target":["https://www.iedq.com.br/site/educacao-infantil/"]}]},{"@type":"BreadcrumbList","@id":"https://www.iedq.com.br/site/educacao-infantil/#breadcrumb","itemListElement":[{"@type":"ListItem","position":1,"name":"Início","item":"https://www.iedq.com.br/site/"},{"@type":"ListItem","position":2,"name":"Educação Infantil &#8211; Maternal, Jardim I e II"}]}]}</script>
<!-- / Yoast SEO plugin. -->

Educação Infantil - Maternal, Jardim I e II - Instituto de Ensino Dom Quixote - Valença do Piauí - Piauí

O Instituto de Ensino Dom Quixote promove seus trabalhos pensando no desenvolvimento dos educandos desde a Educação Infantil até o término do Ensino Fundamental. Entende-se que uma das principais metas da Educação Infantil é a de iniciar o processo de capacitação do indivíduo, para que este futuramente compreenda a si mesmo e aos outros e, [&hellip;]

Instituto de Ensino Dom Quixote - Valença do Piauí - Piauí

Escola privada de Valença do Piauí-PI

Início
