{"id":52,"date":"2014-11-10T21:22:44","date_gmt":"2014-11-11T00:22:44","guid":{"rendered":"http:\/\/www.institutofrater.com.br\/site\/?page_id=52"},"modified":"2023-10-14T07:48:39","modified_gmt":"2023-10-14T12:48:39","slug":"fale-conosco","status":"publish","type":"page","link":"https:\/\/www.iedq.com.br\/site\/fale-conosco\/","title":{"rendered":"Fale Conosco"},"content":{"rendered":"<p>Fale conosco:<\/p>\n<p>Telefone:<\/p>\n<p>(89) 99984-1644<\/p>\n<p>(89) 99984-1531<\/p>\n<p>(89) 99926-1415<\/p>\n<p>e-mail: domquixoteiedq@gmail.com<\/p>\n<p>Instagram: @domquixote_oficial<\/p>\n","protected":false},"excerpt":{"rendered":"<p>Fale conosco: Telefone: (89) 99984-1644 (89) 99984-1531 (89) 99926-1415 e-mail: domquixoteiedq@gmail.com Instagram: @domquixote_oficial<\/p>\n","protected":false},"author":1,"featured_media":0,"parent":0,"menu_order":0,"comment_status":"open","ping_status":"open","template":"","meta":[],"yoast_head":"<!-- This site is optimized with the Yoast SEO plugin v18.2 - https:\/\/yoast.com\/wordpress\/plugins\/seo\/ -->\n<title>Fale Conosco - Instituto de Ensino Dom Quixote - Valen\u00e7a do Piau\u00ed - Piau\u00ed<\/title>\n<meta name=\"robots\" content=\"index, follow, max-snippet:-1, max-image-preview:large, max-video-preview:-1\" \/>\n<link rel=\"canonical\" href=\"https:\/\/www.iedq.com.br\/site\/fale-conosco\/\" \/>\n<meta property=\"og:locale\" content=\"pt_BR\" \/>\n<meta property=\"og:type\" content=\"article\" \/>\n<meta property=\"og:title\" content=\"Fale Conosco - Instituto de Ensino Dom Quixote - Valen\u00e7a do Piau\u00ed - Piau\u00ed\" \/>\n<meta property=\"og:description\" content=\"Fale conosco: Telefone: (89) 99984-1644 (89) 99984-1531 (89) 99926-1415 e-mail: domquixoteiedq@gmail.com Instagram: @domquixote_oficial\" \/>\n<meta property=\"og:url\" content=\"https:\/\/www.iedq.com.br\/site\/fale-conosco\/\" \/>\n<meta property=\"og:site_name\" content=\"Instituto de Ensino Dom Quixote - Valen\u00e7a do Piau\u00ed - Piau\u00ed\" \/>\n<meta property=\"article:modified_time\" content=\"2023-10-14T12:48:39+00:00\" \/>\n<meta name=\"twitter:card\" content=\"summary_large_image\" \/>\n<meta name=\"twitter:label1\" content=\"Est. tempo de leitura\" \/>\n\t<meta name=\"twitter:data1\" content=\"1 minuto\" \/>\n<script type=\"application\/ld+json\" class=\"yoast-schema-graph\">{\"@context\":\"https:\/\/schema.org\",\"@graph\":[{\"@type\":\"Organization\",\"@id\":\"https:\/\/www.iedq.com.br\/site\/#organization\",\"name\":\"Instituto de Ensino Dom Quixote\",\"url\":\"https:\/\/www.iedq.com.br\/site\/\",\"sameAs\":[],\"logo\":{\"@type\":\"ImageObject\",\"@id\":\"https:\/\/www.iedq.com.br\/site\/#logo\",\"inLanguage\":\"pt-BR\",\"url\":\"https:\/\/www.iedq.com.br\/site\/wp-content\/uploads\/2015\/06\/logomarca_site.png\",\"contentUrl\":\"https:\/\/www.iedq.com.br\/site\/wp-content\/uploads\/2015\/06\/logomarca_site.png\",\"width\":228,\"height\":98,\"caption\":\"Instituto de Ensino Dom Quixote\"},\"image\":{\"@id\":\"https:\/\/www.iedq.com.br\/site\/#logo\"}},{\"@type\":\"WebSite\",\"@id\":\"https:\/\/www.iedq.com.br\/site\/#website\",\"url\":\"https:\/\/www.iedq.com.br\/site\/\",\"name\":\"Instituto de Ensino Dom Quixote - Valen\u00e7a do Piau\u00ed - Piau\u00ed\",\"description\":\"Escola privada de Valen\u00e7a do Piau\u00ed-PI\",\"publisher\":{\"@id\":\"https:\/\/www.iedq.com.br\/site\/#organization\"},\"potentialAction\":[{\"@type\":\"SearchAction\",\"target\":{\"@type\":\"EntryPoint\",\"urlTemplate\":\"https:\/\/www.iedq.com.br\/site\/?s={search_term_string}\"},\"query-input\":\"required name=search_term_string\"}],\"inLanguage\":\"pt-BR\"},{\"@type\":\"WebPage\",\"@id\":\"https:\/\/www.iedq.com.br\/site\/fale-conosco\/#webpage\",\"url\":\"https:\/\/www.iedq.com.br\/site\/fale-conosco\/\",\"name\":\"Fale Conosco - Instituto de Ensino Dom Quixote - Valen\u00e7a do Piau\u00ed - Piau\u00ed\",\"isPartOf\":{\"@id\":\"https:\/\/www.iedq.com.br\/site\/#website\"},\"datePublished\":\"2014-11-11T00:22:44+00:00\",\"dateModified\":\"2023-10-14T12:48:39+00:00\",\"breadcrumb\":{\"@id\":\"https:\/\/www.iedq.com.br\/site\/fale-conosco\/#breadcrumb\"},\"inLanguage\":\"pt-BR\",\"potentialAction\":[{\"@type\":\"ReadAction\",\"target\":[\"https:\/\/www.iedq.com.br\/site\/fale-conosco\/\"]}]},{\"@type\":\"BreadcrumbList\",\"@id\":\"https:\/\/www.iedq.com.br\/site\/fale-conosco\/#breadcrumb\",\"itemListElement\":[{\"@type\":\"ListItem\",\"position\":1,\"name\":\"In\u00edcio\",\"item\":\"https:\/\/www.iedq.com.br\/site\/\"},{\"@type\":\"ListItem\",\"position\":2,\"name\":\"Fale Conosco\"}]}]}<\/script>\n<!-- \/ Yoast SEO plugin. -->","yoast_head_json":{"title":"Fale Conosco - Instituto de Ensino Dom Quixote - Valen\u00e7a do Piau\u00ed - Piau\u00ed","robots":{"index":"index","follow":"follow","max-snippet":"max-snippet:-1","max-image-preview":"max-image-preview:large","max-video-preview":"max-video-preview:-1"},"canonical":"https:\/\/www.iedq.com.br\/site\/fale-conosco\/","og_locale":"pt_BR","og_type":"article","og_title":"Fale Conosco - Instituto de Ensino Dom Quixote - Valen\u00e7a do Piau\u00ed - Piau\u00ed","og_description":"Fale conosco: Telefone: (89) 99984-1644 (89) 99984-1531 (89) 99926-1415 e-mail: domquixoteiedq@gmail.com Instagram: @domquixote_oficial","og_url":"https:\/\/www.iedq.com.br\/site\/fale-conosco\/","og_site_name":"Instituto de Ensino Dom Quixote - Valen\u00e7a do Piau\u00ed - Piau\u00ed","article_modified_time":"2023-10-14T12:48:39+00:00","twitter_card":"summary_large_image","twitter_misc":{"Est. tempo de leitura":"1 minuto"},"schema":{"@context":"https:\/\/schema.org","@graph":[{"@type":"Organization","@id":"https:\/\/www.iedq.com.br\/site\/#organization","name":"Instituto de Ensino Dom Quixote","url":"https:\/\/www.iedq.com.br\/site\/","sameAs":[],"logo":{"@type":"ImageObject","@id":"https:\/\/www.iedq.com.br\/site\/#logo","inLanguage":"pt-BR","url":"https:\/\/www.iedq.com.br\/site\/wp-content\/uploads\/2015\/06\/logomarca_site.png","contentUrl":"https:\/\/www.iedq.com.br\/site\/wp-content\/uploads\/2015\/06\/logomarca_site.png","width":228,"height":98,"caption":"Instituto de Ensino Dom Quixote"},"image":{"@id":"https:\/\/www.iedq.com.br\/site\/#logo"}},{"@type":"WebSite","@id":"https:\/\/www.iedq.com.br\/site\/#website","url":"https:\/\/www.iedq.com.br\/site\/","name":"Instituto de Ensino Dom Quixote - Valen\u00e7a do Piau\u00ed - Piau\u00ed","description":"Escola privada de Valen\u00e7a do Piau\u00ed-PI","publisher":{"@id":"https:\/\/www.iedq.com.br\/site\/#organization"},"potentialAction":[{"@type":"SearchAction","target":{"@type":"EntryPoint","urlTemplate":"https:\/\/www.iedq.com.br\/site\/?s={search_term_string}"},"query-input":"required name=search_term_string"}],"inLanguage":"pt-BR"},{"@type":"WebPage","@id":"https:\/\/www.iedq.com.br\/site\/fale-conosco\/#webpage","url":"https:\/\/www.iedq.com.br\/site\/fale-conosco\/","name":"Fale Conosco - Instituto de Ensino Dom Quixote - Valen\u00e7a do Piau\u00ed - Piau\u00ed","isPartOf":{"@id":"https:\/\/www.iedq.com.br\/site\/#website"},"datePublished":"2014-11-11T00:22:44+00:00","dateModified":"2023-10-14T12:48:39+00:00","breadcrumb":{"@id":"https:\/\/www.iedq.com.br\/site\/fale-conosco\/#breadcrumb"},"inLanguage":"pt-BR","potentialAction":[{"@type":"ReadAction","target":["https:\/\/www.iedq.com.br\/site\/fale-conosco\/"]}]},{"@type":"BreadcrumbList","@id":"https:\/\/www.iedq.com.br\/site\/fale-conosco\/#breadcrumb","itemListElement":[{"@type":"ListItem","position":1,"name":"In\u00edcio","item":"https:\/\/www.iedq.com.br\/site\/"},{"@type":"ListItem","position":2,"name":"Fale Conosco"}]}]}},"_links":{"self":[{"href":"https:\/\/www.iedq.com.br\/site\/wp-json\/wp\/v2\/pages\/52"}],"collection":[{"href":"https:\/\/www.iedq.com.br\/site\/wp-json\/wp\/v2\/pages"}],"about":[{"href":"https:\/\/www.iedq.com.br\/site\/wp-json\/wp\/v2\/types\/page"}],"author":[{"embeddable":true,"href":"https:\/\/www.iedq.com.br\/site\/wp-json\/wp\/v2\/users\/1"}],"replies":[{"embeddable":true,"href":"https:\/\/www.iedq.com.br\/site\/wp-json\/wp\/v2\/comments?post=52"}],"version-history":[{"count":9,"href":"https:\/\/www.iedq.com.br\/site\/wp-json\/wp\/v2\/pages\/52\/revisions"}],"predecessor-version":[{"id":39426,"href":"https:\/\/www.iedq.com.br\/site\/wp-json\/wp\/v2\/pages\/52\/revisions\/39426"}],"wp:attachment":[{"href":"https:\/\/www.iedq.com.br\/site\/wp-json\/wp\/v2\/media?parent=52"}],"curies":[{"name":"wp","href":"https:\/\/api.w.org\/{rel}","templated":true}]}}

<!-- This site is optimized with the Yoast SEO plugin v18.2 - https://yoast.com/wordpress/plugins/seo/ -->
<title>Fale Conosco - Instituto de Ensino Dom Quixote - Valença do Piauí - Piauí</title>
<meta name="robots" content="index, follow, max-snippet:-1, max-image-preview:large, max-video-preview:-1" />
<link rel="canonical" href="https://www.iedq.com.br/site/fale-conosco/" />
<meta property="og:locale" content="pt_BR" />
<meta property="og:type" content="article" />
<meta property="og:title" content="Fale Conosco - Instituto de Ensino Dom Quixote - Valença do Piauí - Piauí" />
<meta property="og:description" content="Fale conosco: Telefone: (89) 99984-1644 (89) 99984-1531 (89) 99926-1415 e-mail: domquixoteiedq@gmail.com Instagram: @domquixote_oficial" />
<meta property="og:url" content="https://www.iedq.com.br/site/fale-conosco/" />
<meta property="og:site_name" content="Instituto de Ensino Dom Quixote - Valença do Piauí - Piauí" />
<meta property="article:modified_time" content="2023-10-14T12:48:39+00:00" />
<meta name="twitter:card" content="summary_large_image" />
<meta name="twitter:label1" content="Est. tempo de leitura" />
	<meta name="twitter:data1" content="1 minuto" />
<script type="application/ld+json" class="yoast-schema-graph">{"@context":"https://schema.org","@graph":[{"@type":"Organization","@id":"https://www.iedq.com.br/site/#organization","name":"Instituto de Ensino Dom Quixote","url":"https://www.iedq.com.br/site/","sameAs":[],"logo":{"@type":"ImageObject","@id":"https://www.iedq.com.br/site/#logo","inLanguage":"pt-BR","url":"https://www.iedq.com.br/site/wp-content/uploads/2015/06/logomarca_site.png","contentUrl":"https://www.iedq.com.br/site/wp-content/uploads/2015/06/logomarca_site.png","width":228,"height":98,"caption":"Instituto de Ensino Dom Quixote"},"image":{"@id":"https://www.iedq.com.br/site/#logo"}},{"@type":"WebSite","@id":"https://www.iedq.com.br/site/#website","url":"https://www.iedq.com.br/site/","name":"Instituto de Ensino Dom Quixote - Valença do Piauí - Piauí","description":"Escola privada de Valença do Piauí-PI","publisher":{"@id":"https://www.iedq.com.br/site/#organization"},"potentialAction":[{"@type":"SearchAction","target":{"@type":"EntryPoint","urlTemplate":"https://www.iedq.com.br/site/?s={search_term_string}"},"query-input":"required name=search_term_string"}],"inLanguage":"pt-BR"},{"@type":"WebPage","@id":"https://www.iedq.com.br/site/fale-conosco/#webpage","url":"https://www.iedq.com.br/site/fale-conosco/","name":"Fale Conosco - Instituto de Ensino Dom Quixote - Valença do Piauí - Piauí","isPartOf":{"@id":"https://www.iedq.com.br/site/#website"},"datePublished":"2014-11-11T00:22:44+00:00","dateModified":"2023-10-14T12:48:39+00:00","breadcrumb":{"@id":"https://www.iedq.com.br/site/fale-conosco/#breadcrumb"},"inLanguage":"pt-BR","potentialAction":[{"@type":"ReadAction","target":["https://www.iedq.com.br/site/fale-conosco/"]}]},{"@type":"BreadcrumbList","@id":"https://www.iedq.com.br/site/fale-conosco/#breadcrumb","itemListElement":[{"@type":"ListItem","position":1,"name":"Início","item":"https://www.iedq.com.br/site/"},{"@type":"ListItem","position":2,"name":"Fale Conosco"}]}]}</script>
<!-- / Yoast SEO plugin. -->

Fale Conosco - Instituto de Ensino Dom Quixote - Valença do Piauí - Piauí

Instituto de Ensino Dom Quixote - Valença do Piauí - Piauí

Escola privada de Valença do Piauí-PI

Início
